+ 650 = 0. Calculate the highest common divisor of d and l.
15
Let x(c) = 22*c + 22. Let y be x(12). Calculate the highest common divisor of 26 and y.
26
Let j be 4*(4 + 2/(-4)). Calculate the greatest common divisor of 112 and j.
14
Let c = 0 - -13. Suppose -33 = -x + 58. What is the greatest common factor of c and x?
13
Suppose -3*r + 132 = 5*m, 4*r + 2*m = -0*r + 176. What is the greatest common divisor of r and 22?
22
Let q be (-9)/(-18) + 79/2. What is the highest common factor of 16 and q?
8
Suppose -4*j + j - 56 = 4*a, 2*j - 3*a = -26. Let t be j/(-10) + (-4)/(-10). Calculate the greatest common factor of 2 and t.
2
Let f = 90 - 66. What is the greatest common factor of f and 84?
12
Suppose -3*g + 0 - 15 = 0. Let j(n) = n + 6. Let b be j(g). Let x = 4 - -1. Calculate the highest common factor of b and x.
1
Let g be ((-9)/6 - -2)*0. Suppose 3*m - 231 = -g*m. Let l be 4/10 + 66/10. Calculate the highest common divisor of m and l.
7
Let y = 21 + -1. Calculate the highest common divisor of 20 and y.
20
Let w(f) be the third derivative of f**6/120 + 2*f**5/15 + 5*f**4/24 - f**3 + 4*f**2. Let y be w(-5). What is the greatest common factor of y and 110?
22
Let m = -13 - -8. Let v(z) = z**3 + 6*z**2 + 2*z - 5. Let o be v(m). Suppose -o = -0*h - h. What is the highest common divisor of h and 10?
10
Let p = -5 + 20. Let m(b) = b**3 + 6*b**2 - b + 4. Let k be m(-6). What is the highest common divisor of k and p?
5
Suppose -4*m - 2*p = -14 - 6, 2*m - 10 = -4*p. Calculate the greatest common factor of 10 and m.
5
Suppose t + 2*p = -4, -t + 5 = 4*p + 15. Suppose 20 = -q + t*q. Calculate the greatest common divisor of q and 8.
4
Let k(x) be the second derivative of x**4/12 - 5*x**3/6 - x**2/2 + x. Let n be k(6). Suppose n*t - 696 = 349. Calculate the greatest common divisor of 19 and t.
19
Let l(v) = -v**2 + 5*v - 4. Let a(d) = -2*d**2 + 15*d - 12. Let s(x) = 4*a(x) - 11*l(x). Let r be s(-4). Calculate the greatest common factor of r and 36.
12
Suppose 8*d = d + 1575. Suppose 5*h - 25 = 4*h. Calculate the greatest common divisor of h and d.
25
Let g = 545 - 327. Let w = g + -153. Calculate the greatest common factor of w and 26.
13
Suppose 0 = 4*v + y - 87, v + 2*y = -2*v + 59. What is the greatest common factor of 115 and v?
23
Let m be 14 - (3 + -1 - 1). What is the highest common divisor of m and 52?
13
Let m = 9 - -6. Let t be 32/20*(-5)/(-2). Suppose n = -4*n - 4*u + 675, -540 = -4*n - t*u. Calculate the greatest common factor of m and n.
15
Let h be ((-8)/(-20))/(1 + 398/(-400)). What is the greatest common divisor of 16 and h?
16
Let b = 24 - 17. Let y(r) = 13*r - 6. Let d be y(b). What is the greatest common factor of d and 34?
17
Suppose -4*b = 2*k + 2, 2*k - 2*b - 2 - 8 = 0. Let v(l) = l - 3. Let z be v(6). What is the highest common divisor of k and z?
3
Let x be (10 + 2)*(-9)/(-6). Let h(i) = i**3 + 4*i**2 + i + 3. Let m be h(-3). Calculate the greatest common divisor of m and x.
9
Let a = 3 + 0. Suppose a*u - 11 = s, 2*s + 7 = u - 0. Let z be (-800)/(-45) - s/9. What is the greatest common divisor of z and 18?
18
Let p = -29 - -35. Calculate the highest common factor of 4 and p.
2
Suppose 10 = -w + 3*w. Suppose 56 = 4*c + 2*m, m + 3*m + 44 = w*c. Calculate the highest common divisor of 12 and c.
12
Suppose -2*u = 4*m + 2*u - 24, -15 = -4*m + 5*u. Suppose -m*k - 1 = -11. Calculate the greatest common factor of k and 2.
2
Suppose 5*w = 12 + 288. Let g(p) = 20*p**2. Let z(n) = -n**3 + 3*n**2 + 4*n - 1. Let d be z(4). Let b be g(d). Calculate the highest common factor of b and w.
20
Let y = 74 + -30. What is the highest common factor of y and 66?
22
Suppose g - 144 = -5*g. What is the greatest common factor of g and 3?
3
Let y = 27 + -16. What is the highest common divisor of 88 and y?
11
Let a(q) = 11*q**2 + 4*q + 3. Let v be a(-3). What is the highest common factor of 18 and v?
18
Let o be ((-1 - -4) + -13)/(-2). Suppose -4*l = -o*l + 105. Let m be -1 + 2 - (-60)/3. What is the highest common factor of m and l?
21
Let w be ((-3345)/8)/(-5) + 45/120. Let x(z) = -z**3 + z**2 - 21. Let c be x(0). Let t = -7 - c. What is the highest common divisor of w and t?
14
Let s be 14/35*(-2 + 7). Suppose -s*k - 33 = -93. Calculate the highest common factor of 20 and k.
10
Let w(d) = -d**2 - 6*d. Let l be w(-6). Let j = 5 + l. Let z = 25 + -20. What is the highest common factor of z and j?
5
Let a be 9/(-6) - (-81)/6. Let y = 6 - a. Let h(c) = -c**3 - 6*c**2 - 3*c + 2. Let x be h(y). Calculate the greatest common divisor of 8 and x.
4
Suppose 13 + 263 = 3*b. Suppose -70 = -v + b. What is the greatest common divisor of 18 and v?
18
Suppose 2*w + 4*a - 44 = -2*w, -2*a + 2 = 0. What is the highest common divisor of 2 and w?
2
Let i = 70 - 49. What is the highest common divisor of i and 7?
7
Let w be (1/(3/6))/((-4)/(-6)). Suppose 5*a - y + 4*y = -6, a = -y - 2. Let r = 1 - a. Calculate the greatest common divisor of w and r.
1
Let u = -5 - 0. Let r = 9 + u. Let t be 24*(-3)/2*-1. Calculate the greatest common factor of r and t.
4
Let s be ((-16)/(-10))/(3/150). Suppose -40 = 2*i - 7*i. Calculate the greatest common factor of s and i.
8
Let b be ((-6)/10)/(4/(-20)). Suppose 0*w + 4*w + 4 = 0. Let g = w + b. Calculate the highest common factor of 1 and g.
1
Let v be 2 + 2 - 6 - -52. What is the greatest common divisor of 10 and v?
10
Let o be 6/(-27) - (-274)/18. What is the highest common factor of 45 and o?
15
Let w(u) = 140*u**2. Let p be w(1). What is the greatest common divisor of 20 and p?
20
Let y(u) = -3*u**3 + 14*u**2 + 11*u + 2. Let j be y(5). What is the greatest common factor of 4 and j?
4
Let m be -24*(-4 + (-14)/(-4)). Calculate the highest common divisor of 12 and m.
12
Let d be ((-1)/(-3))/(5/90). Suppose 3*c = d*c - 27. Calculate the highest common factor of c and 27.
9
Let r be 14*((-5)/(-2) - 2). Let j = -7 + 14. Calculate the greatest common divisor of r and j.
7
Suppose -208 = -d - d. What is the greatest common factor of 26 and d?
26
Let z be ((-1)/(-2))/((-1)/(-597 - -3)). What is the greatest common divisor of 33 and z?
33
Let n be (-6)/(0 + 4/(-10)). What is the highest common factor of n and 60?
15
Let a = 17 - -113. What is the highest common factor of a and 52?
26
Let n = 25 + -3. Let b(y) = 9*y**2 - 6*y + 3. Let z be b(5). Calculate the greatest common factor of z and n.
22
Let p be ((-2)/(-3))/(18/81). Suppose -374 = -3*y + 6*j - 2*j, -4*y - p*j = -507. What is the highest common factor of y and 14?
14
Let y = -38 - -72. Suppose 5*t + h = 320, 2*t + h = 3*h + 140. Suppose -4*c = -d - y, d = -5*c + t - 18. Calculate the highest common factor of c and 9.
9
Let x = -41 - -48. What is the highest common factor of x and 1?
1
Let r = 20 + 19. Let k be 1 - -1*(-1 - -2). Suppose -4*a = -k*a - 26. What is the greatest common factor of a and r?
13
Let l(k) = -k**2 + 8*k + 5. Let g be l(6). Suppose q + 2*h = g, -h = -2*q + h + 28. What is the highest common factor of q and 120?
15
Let p(v) = 8*v - 16. Let x be p(4). Calculate the highest common factor of x and 112.
16
Let p be 15 + (3 - (6 + 1)). Suppose o = -4, -3*o = -2*t - t + 144. Calculate the highest common divisor of p and t.
11
Suppose -3*o + 63 = 5*d, -o - 4*d = -0*d - 14. What is the greatest common factor of 52 and o?
26
Let a = 95 + -45. Suppose -g - 120 = -7*g. Calculate the greatest common divisor of a and g.
10
Suppose 0 = -5*q - 6*n + 2*n - 14, -q - 5 = 3*n. Let k be 234/(-27)*3/q. Calculate the highest common factor of k and 117.
13
Suppose f - 4*f - j = -278, -2*j = -10. Let w = -35 + 61. Suppose -p - p = -w. What is the highest common factor of f and p?
13
Suppose 3*w = 5*w - 10. Suppose -w*n + 104 = -71. Calculate the greatest common divisor of 5 and n.
5
Let y be (-74)/(-14) + 2/(-7). Let q be (-6 - -1)/(3/(-3)). Suppose -2*i = -i - q. Calculate the highest common factor of i and y.
5
Let w be 2/7 + (-130)/(-35). Let j(d) = 3*d**2 - 3*d + 4. Let m be j(w). Suppose 43 + 5 = 3*z. Calculate the greatest common factor of m and z.
8
Suppose -3*w + 2*w + 40 = 0. Calculate the greatest common factor of w and 40.
40
Suppose -4*p + 17 + 26 = 5*w, -9 = -3*w. Let j be (-2)/6 + (-169)/(-3). Calculate the highest common factor of j and p.
7
Suppose 9*u = 4*u + 20. What is the hi